{"id":993,"date":"2023-12-07T13:07:43","date_gmt":"2023-12-07T12:07:43","guid":{"rendered":"http:\/\/monfiscal.com\/monfiscal-asesores\/"},"modified":"2024-01-23T22:24:44","modified_gmt":"2024-01-23T21:24:44","slug":"monfiscal-assessors","status":"publish","type":"page","link":"https:\/\/monfiscal.com\/ca\/monfiscal-assessors\/","title":{"rendered":"Monfiscal Assessors"},"content":{"rendered":"\t\t<div data-elementor-type=\"wp-page\" data-elementor-id=\"993\" class=\"elementor elementor-993 elementor-24\" data-elementor-post-type=\"page\">\n\t\t\t\t<div class=\"elementor-element elementor-element-816cb7c e-flex e-con-boxed e-con e-parent\" data-id=\"816cb7c\" data-element_type=\"container\" data-e-type=\"container\" data-settings=\"{&quot;background_background&quot;:&quot;classic&quot;}\">\n\t\t\t\t\t<div class=\"e-con-inner\">\n\t\t<div class=\"elementor-element elementor-element-20af3ec e-flex e-con-boxed e-con e-child\" data-id=\"20af3ec\" data-element_type=\"container\" data-e-type=\"container\" data-settings=\"{&quot;background_background&quot;:&quot;slideshow&quot;,&quot;background_slideshow_gallery&quot;:[{&quot;id&quot;:226,&quot;url&quot;:&quot;http:\\\/\\\/monfiscal.com\\\/wp-content\\\/uploads\\\/2023\\\/12\\\/vista-trasera-personas-irreconocibles-audiencia-sala-conferencias.jpg&quot;}],&quot;background_slideshow_ken_burns&quot;:&quot;yes&quot;,&quot;background_slideshow_loop&quot;:&quot;yes&quot;,&quot;background_slideshow_slide_duration&quot;:5000,&quot;background_slideshow_slide_transition&quot;:&quot;fade&quot;,&quot;background_slideshow_transition_duration&quot;:500,&quot;background_slideshow_ken_burns_zoom_direction&quot;:&quot;in&quot;}\">\n\t\t\t\t\t<div class=\"e-con-inner\">\n\t\t\t\t<div class=\"elementor-element elementor-element-fc1436b elementor--h-position-center elementor--v-position-middle elementor-widget elementor-widget-slides\" data-id=\"fc1436b\" data-element_type=\"widget\" data-e-type=\"widget\" data-settings=\"{&quot;navigation&quot;:&quot;none&quot;,&quot;autoplay_speed&quot;:5018,&quot;transition&quot;:&quot;fade&quot;,&quot;autoplay&quot;:&quot;yes&quot;,&quot;infinite&quot;:&quot;yes&quot;,&quot;transition_speed&quot;:500}\" data-widget_type=\"slides.default\">\n\t\t\t\t<div class=\"elementor-widget-container\">\n\t\t\t\t\t\t\t\t\t<div class=\"elementor-swiper\">\n\t\t\t\t\t<div class=\"elementor-slides-wrapper elementor-main-swiper swiper\" role=\"region\" aria-roledescription=\"carousel\" aria-label=\"Diapositives\" dir=\"ltr\" data-animation=\"fadeInUp\">\n\t\t\t\t<div class=\"swiper-wrapper elementor-slides\">\n\t\t\t\t\t\t\t\t\t\t<div class=\"elementor-repeater-item-a7fe662 swiper-slide\" role=\"group\" aria-roledescription=\"slide\"><div class=\"swiper-slide-bg\"><\/div><div class=\"swiper-slide-inner\" ><div class=\"swiper-slide-contents\"><h1 class=\"elementor-slide-heading\">Monfiscal Assessors<\/h1><\/div><\/div><\/div>\t\t\t\t<\/div>\n\t\t\t\t\t\t\t<\/div>\n\t\t\t\t<\/div>\n\t\t\t\t\t\t\t\t<\/div>\n\t\t\t\t<\/div>\n\t\t\t\t\t<\/div>\n\t\t\t\t<\/div>\n\t\t\t\t\t<\/div>\n\t\t\t\t<\/div>\n\t\t<div class=\"elementor-element elementor-element-c6e2f08 e-flex e-con-boxed e-con e-parent\" data-id=\"c6e2f08\" data-element_type=\"container\" data-e-type=\"container\">\n\t\t\t\t\t<div class=\"e-con-inner\">\n\t\t<div class=\"elementor-element elementor-element-e4c3cbd e-con-full e-flex e-con e-child\" data-id=\"e4c3cbd\" data-element_type=\"container\" data-e-type=\"container\">\n\t\t\t\t<div class=\"elementor-element elementor-element-a9ad891 elementor-widget elementor-widget-heading\" data-id=\"a9ad891\" data-element_type=\"widget\" data-e-type=\"widget\" data-widget_type=\"heading.default\">\n\t\t\t\t<div class=\"elementor-widget-container\">\n\t\t\t\t\t<h2 class=\"elementor-heading-title elementor-size-default\">VALOR HUM\u00c0<\/h2>\t\t\t\t<\/div>\n\t\t\t\t<\/div>\n\t\t\t\t<div class=\"elementor-element elementor-element-d982bb2 elementor-widget-divider--view-line elementor-widget elementor-widget-divider\" data-id=\"d982bb2\" data-element_type=\"widget\" data-e-type=\"widget\" data-widget_type=\"divider.default\">\n\t\t\t\t<div class=\"elementor-widget-container\">\n\t\t\t\t\t\t\t<div class=\"elementor-divider\">\n\t\t\t<span class=\"elementor-divider-separator\">\n\t\t\t\t\t\t<\/span>\n\t\t<\/div>\n\t\t\t\t\t\t<\/div>\n\t\t\t\t<\/div>\n\t\t\t\t<div class=\"elementor-element elementor-element-010ea27 elementor-widget elementor-widget-text-editor\" data-id=\"010ea27\" data-element_type=\"widget\" data-e-type=\"widget\" data-widget_type=\"text-editor.default\">\n\t\t\t\t<div class=\"elementor-widget-container\">\n\t\t\t\t\t\t\t\t\t<p>Monfiscal treballa amb persones i per a persones. \u00c9s preocupaci\u00f3 m\u00e0xima de la direcci\u00f3 de la signatura la cura en el tracte amb els clients i els empleats. Per aix\u00f2 ha estat una de les primeres pimes espanyoles a establir un horari de conciliaci\u00f3 treball\/fam\u00edlia, havent estat reconeguda en diversos mitjans de comunicaci\u00f3 i tamb\u00e9 per l&#8217;associaci\u00f3 de dones FUNDE que va concedir el premi a la millor empresa de l&#8217;any 2007 per la seva esfor\u00e7 en la conciliaci\u00f3 de lhorari per als seus treballadors. L&#8217;any 2005 va ser l&#8217;\u00fanica pime convidada a participar al primer f\u00f2rum que es va organitzar a Barcelona sobre conciliaci\u00f3 d&#8217;horaris juntament amb grans empreses de prestigi internacional reconegut.<\/p><p>Aquest valor tamb\u00e9 es veu recollit a les jornades internes que anualment s&#8217;organitzen per als seus empleats on es pret\u00e9n, en un ambient relaxat i dist\u00e8s, fomentar la conviv\u00e8ncia de l&#8217;equip hum\u00e0. \u00c9s una oportunitat per con\u00e8ixer millor i compartir i valorar junts els nous i els ja existents projectes del despatx.<\/p><p>Per descomptat, i com no podia ser altrament, aquest valor es projecta als clients, donant-los un tracte personalitzat. Amb aix\u00f2 s&#8217;aconsegueix un gran coneixement per part dels professionals de les necessitats de cada client de manera individual, permetent donar una resposta \u00f2ptima a les possibles necessitats o dificultats que puguin apar\u00e8ixer.<\/p>\t\t\t\t\t\t\t\t<\/div>\n\t\t\t\t<\/div>\n\t\t\t\t<\/div>\n\t\t<div class=\"elementor-element elementor-element-0738eb5 e-con-full e-flex e-con e-child\" data-id=\"0738eb5\" data-element_type=\"container\" data-e-type=\"container\">\n\t\t\t\t<div class=\"elementor-element elementor-element-c4d2e1d elementor-widget elementor-widget-heading\" data-id=\"c4d2e1d\" data-element_type=\"widget\" data-e-type=\"widget\" data-widget_type=\"heading.default\">\n\t\t\t\t<div class=\"elementor-widget-container\">\n\t\t\t\t\t<h2 class=\"elementor-heading-title elementor-size-default\">PROJECTE<\/h2>\t\t\t\t<\/div>\n\t\t\t\t<\/div>\n\t\t\t\t<div class=\"elementor-element elementor-element-1964a80 elementor-widget-divider--view-line elementor-widget elementor-widget-divider\" data-id=\"1964a80\" data-element_type=\"widget\" data-e-type=\"widget\" data-widget_type=\"divider.default\">\n\t\t\t\t<div class=\"elementor-widget-container\">\n\t\t\t\t\t\t\t<div class=\"elementor-divider\">\n\t\t\t<span class=\"elementor-divider-separator\">\n\t\t\t\t\t\t<\/span>\n\t\t<\/div>\n\t\t\t\t\t\t<\/div>\n\t\t\t\t<\/div>\n\t\t\t\t<div class=\"elementor-element elementor-element-f8330b0 elementor-widget elementor-widget-text-editor\" data-id=\"f8330b0\" data-element_type=\"widget\" data-e-type=\"widget\" data-widget_type=\"text-editor.default\">\n\t\t\t\t<div class=\"elementor-widget-container\">\n\t\t\t\t\t\t\t\t\t<p>Realment aquesta signatura viu cont\u00ednuament en un projecte. Actualment est\u00e0 en una fase d&#8217;expansi\u00f3 geogr\u00e0fica que, ara com ara, us permet estar amb oficines i delegacions a Lleida i Almacellas, ampliant el ventall de serveis als seus clients.<\/p><p>Per\u00f2 alhora t\u00e9 permanentment en marxa un ambici\u00f3s projecte d&#8217;inversi\u00f3 en TIC, que es tradueix que els nostres clients poden accedir als seus documents i informes per Internet les 24 hores del dia, amb independ\u00e8ncia de l&#8217;horari de treball. Amb aix\u00f2 tornem a facilitar al client despreocupaci\u00f3 i efici\u00e8ncia a la seva feina.<\/p><p>Com no podia ser menys, tamb\u00e9 desenvolupem el projecte de tenir unes bones, modernes, i \u00e0mplies instal\u00b7lacions per desenvolupar la nostra feina, essent propietaris de diferents locals situats al cor de les seves localitats i de f\u00e0cil acc\u00e9s per als clients.<\/p><p><strong>Carlos Montes<\/strong><\/p>\t\t\t\t\t\t\t\t<\/div>\n\t\t\t\t<\/div>\n\t\t\t\t<\/div>\n\t\t\t\t\t<\/div>\n\t\t\t\t<\/div>\n\t\t\t\t<\/div>\n\t\t","protected":false},"excerpt":{"rendered":"<p>Monfiscal Assessors VALOR HUM\u00c0 Monfiscal treballa amb persones i per a persones. \u00c9s preocupaci\u00f3 m\u00e0xima de la direcci\u00f3 de la signatura la cura en el tracte amb els clients i els empleats. Per aix\u00f2 ha estat una de les primeres pimes espanyoles a establir un horari de conciliaci\u00f3 treball\/fam\u00edlia, havent estat reconeguda en diversos mitjans [&hellip;]<\/p>\n","protected":false},"author":2,"featured_media":0,"parent":0,"menu_order":0,"comment_status":"closed","ping_status":"closed","template":"","meta":{"footnotes":""},"class_list":["post-993","page","type-page","status-publish","hentry"],"_links":{"self":[{"href":"https:\/\/monfiscal.com\/ca\/wp-json\/wp\/v2\/pages\/993","targetHints":{"allow":["GET"]}}],"collection":[{"href":"https:\/\/monfiscal.com\/ca\/wp-json\/wp\/v2\/pages"}],"about":[{"href":"https:\/\/monfiscal.com\/ca\/wp-json\/wp\/v2\/types\/page"}],"author":[{"embeddable":true,"href":"https:\/\/monfiscal.com\/ca\/wp-json\/wp\/v2\/users\/2"}],"replies":[{"embeddable":true,"href":"https:\/\/monfiscal.com\/ca\/wp-json\/wp\/v2\/comments?post=993"}],"version-history":[{"count":4,"href":"https:\/\/monfiscal.com\/ca\/wp-json\/wp\/v2\/pages\/993\/revisions"}],"predecessor-version":[{"id":1009,"href":"https:\/\/monfiscal.com\/ca\/wp-json\/wp\/v2\/pages\/993\/revisions\/1009"}],"wp:attachment":[{"href":"https:\/\/monfiscal.com\/ca\/wp-json\/wp\/v2\/media?parent=993"}],"curies":[{"name":"wp","href":"https:\/\/api.w.org\/{rel}","templated":true}]}}

<div data-elementor-type="wp-page" data-elementor-id="993" class="elementor elementor-993 elementor-24" data-elementor-post-type="page">
				<div class="elementor-element elementor-element-816cb7c e-flex e-con-boxed e-con e-parent" data-id="816cb7c" data-element_type="container" data-e-type="container" data-settings="{&quot;background_background&quot;:&quot;classic&quot;}">
					<div class="e-con-inner">
		<div class="elementor-element elementor-element-20af3ec e-flex e-con-boxed e-con e-child" data-id="20af3ec" data-element_type="container" data-e-type="container" data-settings="{&quot;background_background&quot;:&quot;slideshow&quot;,&quot;background_slideshow_gallery&quot;:[{&quot;id&quot;:226,&quot;url&quot;:&quot;http:\/\/monfiscal.com\/wp-content\/uploads\/2023\/12\/vista-trasera-personas-irreconocibles-audiencia-sala-conferencias.jpg&quot;}],&quot;background_slideshow_ken_burns&quot;:&quot;yes&quot;,&quot;background_slideshow_loop&quot;:&quot;yes&quot;,&quot;background_slideshow_slide_duration&quot;:5000,&quot;background_slideshow_slide_transition&quot;:&quot;fade&quot;,&quot;background_slideshow_transition_duration&quot;:500,&quot;background_slideshow_ken_burns_zoom_direction&quot;:&quot;in&quot;}">
					<div class="e-con-inner">
				<div class="elementor-element elementor-element-fc1436b elementor--h-position-center elementor--v-position-middle elementor-widget elementor-widget-slides" data-id="fc1436b" data-element_type="widget" data-e-type="widget" data-settings="{&quot;navigation&quot;:&quot;none&quot;,&quot;autoplay_speed&quot;:5018,&quot;transition&quot;:&quot;fade&quot;,&quot;autoplay&quot;:&quot;yes&quot;,&quot;infinite&quot;:&quot;yes&quot;,&quot;transition_speed&quot;:500}" data-widget_type="slides.default">
				<div class="elementor-widget-container">
									<div class="elementor-swiper">
					<div class="elementor-slides-wrapper elementor-main-swiper swiper" role="region" aria-roledescription="carousel" aria-label="Diapositives" dir="ltr" data-animation="fadeInUp">
				<div class="swiper-wrapper elementor-slides">
										<div class="elementor-repeater-item-a7fe662 swiper-slide" role="group" aria-roledescription="slide"><div class="swiper-slide-bg"></div><div class="swiper-slide-inner" ><div class="swiper-slide-contents"><h1 class="elementor-slide-heading">Monfiscal Assessors</h1></div></div></div>				</div>
							</div>
				</div>
								</div>
				</div>
					</div>
				</div>
					</div>
				</div>
		<div class="elementor-element elementor-element-c6e2f08 e-flex e-con-boxed e-con e-parent" data-id="c6e2f08" data-element_type="container" data-e-type="container">
					<div class="e-con-inner">
		<div class="elementor-element elementor-element-e4c3cbd e-con-full e-flex e-con e-child" data-id="e4c3cbd" data-element_type="container" data-e-type="container">
				<div class="elementor-element elementor-element-a9ad891 elementor-widget elementor-widget-heading" data-id="a9ad891" data-element_type="widget" data-e-type="widget" data-widget_type="heading.default">
				<div class="elementor-widget-container">
					<h2 class="elementor-heading-title elementor-size-default">VALOR HUMÀ</h2>				</div>
				</div>
				<div class="elementor-element elementor-element-d982bb2 elementor-widget-divider--view-line elementor-widget elementor-widget-divider" data-id="d982bb2" data-element_type="widget" data-e-type="widget" data-widget_type="divider.default">
				<div class="elementor-widget-container">
							<div class="elementor-divider">
			<span class="elementor-divider-separator">
						</span>
		</div>
						</div>
				</div>
				<div class="elementor-element elementor-element-010ea27 elementor-widget elementor-widget-text-editor" data-id="010ea27" data-element_type="widget" data-e-type="widget" data-widget_type="text-editor.default">
				<div class="elementor-widget-container">
									<p>Monfiscal treballa amb persones i per a persones. És preocupació màxima de la direcció de la signatura la cura en el tracte amb els clients i els empleats. Per això ha estat una de les primeres pimes espanyoles a establir un horari de conciliació treball/família, havent estat reconeguda en diversos mitjans de comunicació i també per l&#8217;associació de dones FUNDE que va concedir el premi a la millor empresa de l&#8217;any 2007 per la seva esforç en la conciliació de lhorari per als seus treballadors. L&#8217;any 2005 va ser l&#8217;única pime convidada a participar al primer fòrum que es va organitzar a Barcelona sobre conciliació d&#8217;horaris juntament amb grans empreses de prestigi internacional reconegut.</p><p>Aquest valor també es veu recollit a les jornades internes que anualment s&#8217;organitzen per als seus empleats on es pretén, en un ambient relaxat i distès, fomentar la convivència de l&#8217;equip humà. És una oportunitat per conèixer millor i compartir i valorar junts els nous i els ja existents projectes del despatx.</p><p>Per descomptat, i com no podia ser altrament, aquest valor es projecta als clients, donant-los un tracte personalitzat. Amb això s&#8217;aconsegueix un gran coneixement per part dels professionals de les necessitats de cada client de manera individual, permetent donar una resposta òptima a les possibles necessitats o dificultats que puguin aparèixer.</p>								</div>
				</div>
				</div>
		<div class="elementor-element elementor-element-0738eb5 e-con-full e-flex e-con e-child" data-id="0738eb5" data-element_type="container" data-e-type="container">
				<div class="elementor-element elementor-element-c4d2e1d elementor-widget elementor-widget-heading" data-id="c4d2e1d" data-element_type="widget" data-e-type="widget" data-widget_type="heading.default">
				<div class="elementor-widget-container">
					<h2 class="elementor-heading-title elementor-size-default">PROJECTE</h2>				</div>
				</div>
				<div class="elementor-element elementor-element-1964a80 elementor-widget-divider--view-line elementor-widget elementor-widget-divider" data-id="1964a80" data-element_type="widget" data-e-type="widget" data-widget_type="divider.default">
				<div class="elementor-widget-container">
							<div class="elementor-divider">
			<span class="elementor-divider-separator">
						</span>
		</div>
						</div>
				</div>
				<div class="elementor-element elementor-element-f8330b0 elementor-widget elementor-widget-text-editor" data-id="f8330b0" data-element_type="widget" data-e-type="widget" data-widget_type="text-editor.default">
				<div class="elementor-widget-container">
									<p>Realment aquesta signatura viu contínuament en un projecte. Actualment està en una fase d&#8217;expansió geogràfica que, ara com ara, us permet estar amb oficines i delegacions a Lleida i Almacellas, ampliant el ventall de serveis als seus clients.</p><p>Però alhora té permanentment en marxa un ambiciós projecte d&#8217;inversió en TIC, que es tradueix que els nostres clients poden accedir als seus documents i informes per Internet les 24 hores del dia, amb independència de l&#8217;horari de treball. Amb això tornem a facilitar al client despreocupació i eficiència a la seva feina.</p><p>Com no podia ser menys, també desenvolupem el projecte de tenir unes bones, modernes, i àmplies instal·lacions per desenvolupar la nostra feina, essent propietaris de diferents locals situats al cor de les seves localitats i de fàcil accés per als clients.</p><p><strong>Carlos Montes</strong></p>								</div>
				</div>
				</div>
					</div>
				</div>
				</div>

<p>Monfiscal Assessors VALOR HUMÀ Monfiscal treballa amb persones i per a persones. És preocupació màxima de la direcció de la signatura la cura en el tracte amb els clients i els empleats. Per això ha estat una de les primeres pimes espanyoles a establir un horari de conciliació treball/família, havent estat reconeguda en diversos mitjans [&hellip;]</p>
